{"id":318,"date":"2024-03-01T12:43:06","date_gmt":"2024-03-01T12:43:06","guid":{"rendered":"https:\/\/envothemes.com\/envo-shop\/?post_type=product&#038;p=318"},"modified":"2025-10-27T14:57:52","modified_gmt":"2025-10-27T17:57:52","slug":"evening-trousers","status":"publish","type":"product","link":"https:\/\/nandotecno.com\/?product=evening-trousers","title":{"rendered":"Smartwatch \u00c0 Prova D&#8217;\u00e1gua Bluetooth 1.28 Zl02 Tipo de tela: TFT"},"content":{"rendered":"<h2 class=\"ui-pdp-description__title\">Descri\u00e7\u00e3o<\/h2>\n<p class=\"ui-pdp-description__content\">Par\u00e2metros do produto<\/p>\n<p>1. Modelo: ZL02D<br \/>\n2. Dimens\u00f5es: 45,5 mm de di\u00e2metro, 10 mm de espessura.<br \/>\n3. Tamanho da tela: 1,28 polegadas<br \/>\n4. Resolu\u00e7\u00e3o: 240*240<br \/>\n5. Chip: DA14683<br \/>\n6. Sensor card\u00edaco: SC7R311<br \/>\n7. G-sensor: SC7A20<br \/>\n8. Mem\u00f3ria: 64 MB<br \/>\n9.Bluetooth: 4.0<br \/>\n10. Capacidade da bateria: 220mAh<br \/>\n11. Dura\u00e7\u00e3o da bateria: 7 dias<br \/>\n12. Tempo de espera: 30 dias<br \/>\n13. Modo de opera\u00e7\u00e3o: bot\u00e3o full-touch+lateral<br \/>\n14. \u00c0 prova d&#8217;\u00e1gua: IP67<br \/>\n15. APPDaFit<br \/>\n16. Requisitos do sistema: IOS 9.0 ou superior\/Android 5.0 ou superior<\/p>\n<p>Fun\u00e7\u00f5es<\/p>\n<p>1. Fique de olho na sua sa\u00fade:<br \/>\nFreq\u00fc\u00eancia card\u00edaca\/press\u00e3o arterial\/monitoramento de oxig\u00eanio no sangue, rastreador de sono, lembrete sedent\u00e1rio, lembrete de \u00e1gua, etc.<\/p>\n<p>2. Um bom ajudante para treino:<br \/>\nPed\u00f4metro, dist\u00e2ncia\/calorias queimadas, modos esportivos.<\/p>\n<p>L\u00ednguagens<\/p>\n<p>Idiomas da interface do usu\u00e1rio: ingl\u00eas, chin\u00eas, espanhol, portugu\u00eas, alem\u00e3o, franc\u00eas, russo, italiano, tailand\u00eas, holand\u00eas, tcheco, turco, malaio, polon\u00eas, japon\u00eas.<\/p>\n<p>Idiomas do aplicativo: chin\u00eas, ingl\u00eas, japon\u00eas, coreano, franc\u00eas, alem\u00e3o, russo, polon\u00eas, espanhol, portugu\u00eas, holand\u00eas, \u00e1rabe, tcheco, grego, hindi, h\u00fangaro, italiano, turco, tailand\u00eas, croata.<\/p>\n<p>Lista de Pacotes<\/p>\n<p>1 * rel\u00f3gio inteligente MISIRUN<br \/>\n1 * cabo de carregamento original<br \/>\n1 * manual do usu\u00e1rio<\/p>\n","protected":false},"excerpt":{"rendered":"<p>Um bom ajudante para a vida di\u00e1ria:<br \/>\nRecusar chamadas recebidas, sincronizar notifica\u00e7\u00f5es (chamadas recebidas, mensagens de texto, m\u00eddia social, etc.), alarme, controle remoto da c\u00e2mera, levantar o pulso para ativar o rel\u00f3gio, cron\u00f4metro, encontrar meu telefone, previs\u00e3o do tempo, v\u00e1rios mostradores do rel\u00f3gio.<\/p>\n","protected":false},"featured_media":623,"comment_status":"open","ping_status":"closed","template":"","meta":{"_joinchat":[]},"product_cat":[23,24],"product_tag":[],"_links":{"self":[{"href":"https:\/\/nandotecno.com\/index.php?rest_route=\/wp\/v2\/product\/318"}],"collection":[{"href":"https:\/\/nandotecno.com\/index.php?rest_route=\/wp\/v2\/product"}],"about":[{"href":"https:\/\/nandotecno.com\/index.php?rest_route=\/wp\/v2\/types\/product"}],"replies":[{"embeddable":true,"href":"https:\/\/nandotecno.com\/index.php?rest_route=%2Fwp%2Fv2%2Fcomments&post=318"}],"wp:featuredmedia":[{"embeddable":true,"href":"https:\/\/nandotecno.com\/index.php?rest_route=\/wp\/v2\/media\/623"}],"wp:attachment":[{"href":"https:\/\/nandotecno.com\/index.php?rest_route=%2Fwp%2Fv2%2Fmedia&parent=318"}],"wp:term":[{"taxonomy":"product_cat","embeddable":true,"href":"https:\/\/nandotecno.com\/index.php?rest_route=%2Fwp%2Fv2%2Fproduct_cat&post=318"},{"taxonomy":"product_tag","embeddable":true,"href":"https:\/\/nandotecno.com\/index.php?rest_route=%2Fwp%2Fv2%2Fproduct_tag&post=318"}],"curies":[{"name":"wp","href":"https:\/\/api.w.org\/{rel}","templated":true}]}}