{"id":321,"date":"2024-03-01T12:43:07","date_gmt":"2024-03-01T12:43:07","guid":{"rendered":"https:\/\/envothemes.com\/envo-shop\/?post_type=product&#038;p=321"},"modified":"2024-07-12T17:50:01","modified_gmt":"2024-07-12T20:50:01","slug":"polo-t-shirt","status":"publish","type":"product","link":"https:\/\/nandotecno.com\/?product=polo-t-shirt","title":{"rendered":"Smartphone Xiaomi 13 Lite Preto 50 MP 8GB RAM 256GB Preto"},"content":{"rendered":"<p>Processador<\/p>\n<p><span class=\"xm-text f-bold \" data-key=\"spec_107\" data-type=\"text\" data-id=\"9689787a95\">Processo de fabrica\u00e7\u00e3o do Snapdragon\u00ae 7<\/span><span class=\"xm-text f-light \" data-key=\"spec_108\" data-type=\"text\" data-id=\"4f5ab8eee1\">Tecnologia de processo de 4 nm<\/span><span class=\"xm-text f-light \" data-key=\"spec_109\" data-type=\"text\" data-id=\"4828038aaf\">1x A710 a 2.4GHz 3x A710 a 2.36GHz 4x A510 a 1.8GHz<\/span><span class=\"xm-text f-light \" data-key=\"spec_110\" data-type=\"text\" data-id=\"4c7f04864e\">GPU Adreno 644<\/span><\/p>\n<p>Tela<\/p>\n<p><span class=\"xm-text f-bold \" data-key=\"spec_6\" data-type=\"text\" data-id=\"f4fbaf293c\">Tela AMOLED FHD+ de 6,55\u201d<\/span><span class=\"xm-text f-light \" data-key=\"spec_7\" data-type=\"text\" data-id=\"fc50f35bfc\">Profundidade de cor: at\u00e9 68\u00a0bilh\u00f5es de cores (10\u00a0bits + 2\u00a0bits)<\/span><span class=\"xm-text f-light \" data-key=\"spec_8\" data-type=\"text\" data-id=\"433f80dfef\">Taxa de atualiza\u00e7\u00e3o: 120\u00a0Hz<\/span><span class=\"xm-text f-light \" data-key=\"spec_9\" data-type=\"text\" data-id=\"7a29cb969f\">Dolby Vision\u00ae<\/span><span class=\"xm-text f-light \" data-key=\"spec_10\" data-type=\"text\" data-id=\"a4924e68c3\">HDR10+<\/span><span class=\"xm-text f-light \" data-key=\"spec_11\" data-type=\"text\" data-id=\"671c87a535\">Taxa de amostragem de toque: 240 Hz<\/span><span class=\"xm-text f-light \" data-key=\"spec_12\" data-type=\"text\" data-id=\"8752870ed3\">20:9, 2.400\u00a0x 1.080<\/span><span class=\"xm-text f-light \" data-key=\"spec_13\" data-type=\"text\" data-id=\"5a61aaf079\">402 ppi<\/span><span class=\"xm-text f-light \" data-key=\"spec_14\" data-type=\"text\" data-id=\"c429b76b89\">Sensores de luz ambiente 360 graus<\/span><span class=\"xm-text f-light \" data-key=\"spec_15\" data-type=\"text\" data-id=\"505a21b855\">Gama de cores: sRGB 100% (typ), DCI-P3 (typ)<\/span><span class=\"xm-text f-light \" data-key=\"spec_16\" data-type=\"text\" data-id=\"b2f6ed337d\">Taxa de contraste: 5.000.000:1 (typ)<\/span><span class=\"xm-text f-light \" data-key=\"spec_17\" data-type=\"text\" data-id=\"957293a0bd\">Brilho: 500\u00a0nits (typ), 900\u00a0nits (modo de alto brilho), at\u00e9 1.000\u00a0nits (pico)<\/span><span class=\"xm-text f-light \" data-key=\"spec_18\" data-type=\"text\" data-id=\"f52c52c031\">Modo de leitura<\/span><span class=\"xm-text f-light \" data-key=\"spec_19\" data-type=\"text\" data-id=\"8446ec8f6f\">Modo luz solar<\/span><span class=\"xm-text f-light \" data-key=\"spec_20\" data-type=\"text\" data-id=\"2e29281060\">Corning\u00ae Gorilla\u00ae Glass 5<\/span><span class=\"xm-text f-light \" data-key=\"spec_21\" data-type=\"text\" data-id=\"f821ca3c72\">Tecnologia TrueColor, \u0394E \u2248 0,44, JNCD \u2248 0,42<\/span><span class=\"xm-text f-light \" data-key=\"spec_22\" data-type=\"text\" data-id=\"898dcdcc4c\">Esmaecimento PWM de 1.920 Hz.<\/span><\/p>\n<p>Design<\/p>\n<p><span class=\"xm-text f-light \" data-key=\"spec_24\" data-type=\"text\" data-id=\"055ae02166\">Sensor de impress\u00e3o digital na tela<\/span><span class=\"xm-text f-light \" data-key=\"spec_25\" data-type=\"text\" data-id=\"daca522980\">Dimens\u00e3o: 159,2\u00a0x\u00a072,7\u00a0x\u00a07,23\u00a0mm<\/span><span class=\"xm-text f-light \" data-key=\"spec_26\" data-type=\"text\" data-id=\"e54bdc71a2\">Peso: 171\u00a0g<\/span><\/p>\n<p>C\u00e2mera traseira<\/p>\n<p><span class=\"xm-text f-bold \" data-key=\"spec_28\" data-type=\"text\" data-id=\"f9bd3aff34\">C\u00e2mera grande-angular de 50\u00a0MP<\/span><span class=\"xm-text f-light \" data-key=\"spec_29\" data-type=\"text\" data-id=\"8f64fc0961\">Tamanho do sensor: 1\/1,56&#8243;<\/span><span class=\"xm-text f-light \" data-key=\"spec_30\" data-type=\"text\" data-id=\"e2b6f55053\">Tamanho do pixel: 1,0\u00a0\u03bcm, Super Pixel 4 em 1 (12,5\u00a0MP no modo autom\u00e1tico)<\/span><span class=\"xm-text f-light \" data-key=\"spec_31\" data-type=\"text\" data-id=\"dea3cd04cb\">f\/1,8<\/span><span class=\"xm-text f-light \" data-key=\"spec_32\" data-type=\"text\" data-id=\"26c177ee1e\">Sensor Sony IMX766<\/span><span class=\"xm-text f-light \" data-key=\"spec_33\" data-type=\"text\" data-id=\"e19e21e47a\">Contraste AF<\/span><span class=\"xm-text f-light \" data-key=\"spec_34\" data-type=\"text\" data-id=\"578397399d\">FOV 86\u00b0<\/span><span class=\"xm-text f-light \" data-key=\"spec_35\" data-type=\"text\" data-id=\"6efb2c0548\">Lente 7P<\/span><span class=\"xm-text f-bold \" data-key=\"spec_36\" data-type=\"text\" data-id=\"f32ecf66d1\">C\u00e2mera ultra grande-angular de 8 MP<\/span><span class=\"xm-text f-light \" data-key=\"spec_37\" data-type=\"text\" data-id=\"95db72f147\">Tamanho do pixel: 1,12\u00a0\u03bcm<\/span><span class=\"xm-text f-light \" data-key=\"spec_38\" data-type=\"text\" data-id=\"206a567581\">f\/2,2<\/span><span class=\"xm-text f-light \" data-key=\"spec_39\" data-type=\"text\" data-id=\"8f130f9507\">FOV 119\u00b0<\/span><span class=\"xm-text f-light \" data-key=\"spec_40\" data-type=\"text\" data-id=\"62db8fd57c\">Lente 5P<\/span><span class=\"xm-text f-bold \" data-key=\"spec_41\" data-type=\"text\" data-id=\"5bbdfeea12\">C\u00e2mera macro de 2\u00a0MP<\/span><span class=\"xm-text f-light \" data-key=\"spec_42\" data-type=\"text\" data-id=\"ae240d5d2c\">f\/2,4<\/span><span class=\"xm-text f-light \" data-key=\"spec_43\" data-type=\"text\" data-id=\"9f71cab877\">Foco fixo (dist\u00e2ncia de foco de 4\u00a0cm, n\u00e3o \u00e9 poss\u00edvel focar ao infinito)<\/span><span class=\"xm-text f-bold \" data-key=\"spec_44\" data-type=\"text\" data-id=\"b43311a36d\">Recursos de fotografia da c\u00e2mera traseira<\/span><span class=\"xm-text f-light \" data-key=\"spec_45\" data-type=\"text\" data-id=\"e632e33ab3\">Modo de 50\u00a0MP<\/span><span class=\"xm-text f-light \" data-key=\"spec_46\" data-type=\"text\" data-id=\"ed555db5c2\">Foco de rastreamento ocular<\/span><span class=\"xm-text f-light \" data-key=\"spec_47\" data-type=\"text\" data-id=\"2c56ba6f04\">Modo noturno<\/span><span class=\"xm-text f-light \" data-key=\"spec_48\" data-type=\"text\" data-id=\"722b7fba39\">Captura de movimento<\/span><span class=\"xm-text f-light \" data-key=\"spec_49\" data-type=\"text\" data-id=\"76ff8e7a81\">Disparo programado<\/span><span class=\"xm-text f-light \" data-key=\"spec_50\" data-type=\"text\" data-id=\"a57bbc1573\">Modo documento<\/span><span class=\"xm-text f-light \" data-key=\"spec_51\" data-type=\"text\" data-id=\"42b3de43a0\">C\u00e2mera com IA<\/span><span class=\"xm-text f-light \" data-key=\"spec_52\" data-type=\"text\" data-id=\"36ae167ce5\">Disparo rel\u00e2mpago<\/span><span class=\"xm-text f-light \" data-key=\"spec_53\" data-type=\"text\" data-id=\"a65c83b08c\">Google Lens<\/span><span class=\"xm-text f-light \" data-key=\"spec_54\" data-type=\"text\" data-id=\"26ef0c4126\">Embelezador com IA<\/span><span class=\"xm-text f-light \" data-key=\"spec_55\" data-type=\"text\" data-id=\"3e770ac21e\">Embelezador com IA no modo retrato<\/span><span class=\"xm-text f-light \" data-key=\"spec_56\" data-type=\"text\" data-id=\"8d62bf5e8a\">Quadro de filme<\/span><span class=\"xm-text f-light \" data-key=\"spec_57\" data-type=\"text\" data-id=\"ce619d12ec\">Modo Pro<\/span><span class=\"xm-text f-light \" data-key=\"spec_58\" data-type=\"text\" data-id=\"9a42ce5b4e\">Panorama (grande-angular, selfie)<\/span><span class=\"xm-text f-light \" data-key=\"spec_59\" data-type=\"text\" data-id=\"c02568a4c7\">HDR<\/span><span class=\"xm-text f-light \" data-key=\"spec_60\" data-type=\"text\" data-id=\"fb2ddeb9c0\">Corre\u00e7\u00e3o de distor\u00e7\u00e3o de IA (ultragrande)<\/span><span class=\"xm-text f-light \" data-key=\"spec_61\" data-type=\"text\" data-id=\"2cc488f1ae\">AI SkyScaping<\/span><span class=\"xm-text f-light \" data-key=\"spec_62\" data-type=\"text\" data-id=\"334b0eb919\">Filtros cinematogr\u00e1ficos<\/span><span class=\"xm-text f-bold \" data-key=\"spec_63\" data-type=\"text\" data-id=\"8cc8978dc4\">Recursos de v\u00eddeo da c\u00e2mera traseira<\/span><span class=\"xm-text f-light \" data-key=\"spec_64\" data-type=\"text\" data-id=\"bc1ae4af87\">Cinema com IA em um clique<\/span><span class=\"xm-text f-light \" data-key=\"spec_65\" data-type=\"text\" data-id=\"d954b9e0f9\">Modo vlog<\/span><span class=\"xm-text f-light \" data-key=\"spec_66\" data-type=\"text\" data-id=\"8ffdf8d4b7\">12\u00a0filtros de v\u00eddeo<\/span><span class=\"xm-text f-light \" data-key=\"spec_67\" data-type=\"text\" data-id=\"b211832851\">Teleprompter de v\u00eddeo<\/span><span class=\"xm-text f-light \" data-key=\"spec_68\" data-type=\"text\" data-id=\"8ccb667d14\">Quadro de filme<\/span><span class=\"xm-text f-light \" data-key=\"spec_69\" data-type=\"text\" data-id=\"d5c0975bc7\">Time-lapse em v\u00eddeo<\/span><span class=\"xm-text f-light \" data-key=\"spec_70\" data-type=\"text\" data-id=\"bde554e7eb\">V\u00eddeo curto<\/span><span class=\"xm-text f-light \" data-key=\"spec_71\" data-type=\"text\" data-id=\"0fa69ddf7f\">V\u00eddeo em c\u00e2mera lenta<\/span><span class=\"xm-text f-light \" data-key=\"spec_72\" data-type=\"text\" data-id=\"02e7181549\">V\u00eddeo duplo (c\u00e2mera principal e c\u00e2mera de selfie)<\/span><span class=\"xm-text f-light \" data-key=\"spec_73\" data-type=\"text\" data-id=\"ac1782bdf6\">EIS (1.080p 30 fps)<\/span><span class=\"xm-text f-bold \" data-key=\"spec_74\" data-type=\"text\" data-id=\"4b5a3b9c6b\">Grava\u00e7\u00e3o de v\u00eddeo com a c\u00e2mera traseira<\/span><span class=\"xm-text f-light \" data-key=\"spec_75\" data-type=\"text\" data-id=\"dea23cbdbe\">4K 3.840 x 2.160 a 30 fps<\/span><span class=\"xm-text f-light \" data-key=\"spec_76\" data-type=\"text\" data-id=\"766c795907\">1.080p 1.920 x 1.080 a 60 fps<\/span><span class=\"xm-text f-light \" data-key=\"spec_77\" data-type=\"text\" data-id=\"b31359f4b8\">1.080p 1.920 x 1.080 a 30 fps<\/span><span class=\"xm-text f-light \" data-key=\"spec_78\" data-type=\"text\" data-id=\"fc1476ddee\">720p 1.280 x 720 a 30\u00a0fps<\/span><span class=\"xm-text f-light \" data-key=\"spec_79\" data-type=\"text\" data-id=\"cdc17cfd5a\">V\u00eddeo em c\u00e2mera lenta: 120 fps, 1.080p\/720p 240 fps, 720p 960 fps, 720p.<\/span><\/p>\n<p>C\u00e2mera frontal<\/p>\n<p><span class=\"xm-text f-bold \" data-key=\"spec_81\" data-type=\"text\" data-id=\"f0fd709f09\">C\u00e2mera ultra grande-angular de 32\u00a0MP<\/span><span class=\"xm-text f-light \" data-key=\"spec_82\" data-type=\"text\" data-id=\"98d90c50df\">f\/2,4<\/span><span class=\"xm-text f-light \" data-key=\"spec_83\" data-type=\"text\" data-id=\"a663cb2db0\">Tamanho do pixel: 0,8\u00a0\u03bcm<\/span><span class=\"xm-text f-light \" data-key=\"spec_84\" data-type=\"text\" data-id=\"fae2faa422\">GD2<\/span><span class=\"xm-text f-light \" data-key=\"spec_85\" data-type=\"text\" data-id=\"4c3c5839a1\">Tamanho do sensor: 1\/2,74\u201d<\/span><span class=\"xm-text f-light \" data-key=\"spec_86\" data-type=\"text\" data-id=\"4cdc8b8cc1\">FOV 100\u00b0<\/span><span class=\"xm-text f-light \" data-key=\"spec_87\" data-type=\"text\" data-id=\"41616a4671\">Sensor de profundidade de 8\u00a0MP<\/span><span class=\"xm-text f-light \" data-key=\"spec_88\" data-type=\"text\" data-id=\"706ce33a1b\">f\/2,28<\/span><span class=\"xm-text f-light \" data-key=\"spec_89\" data-type=\"text\" data-id=\"61a1f0da3d\">Tamanho do pixel: 1,12\u00a0\u03bcm<\/span><span class=\"xm-text f-light \" data-key=\"spec_90\" data-type=\"text\" data-id=\"bf0fb4fd12\">LEDs duplos (Xiaomi Selfie Glow)<\/span><span class=\"xm-text f-bold \" data-key=\"spec_91\" data-type=\"text\" data-id=\"a0af844c1b\">Recursos de fotografia da c\u00e2mera frontal<\/span><span class=\"xm-text f-light \" data-key=\"spec_92\" data-type=\"text\" data-id=\"9935ab8169\">Dynamic Framing\uff080,6x, 0,8x, 1x\uff09<\/span><span class=\"xm-text f-light \" data-key=\"spec_93\" data-type=\"text\" data-id=\"ea26ed8537\">Modo noturno<\/span><span class=\"xm-text f-light \" data-key=\"spec_94\" data-type=\"text\" data-id=\"658ce11d10\">Embelezador com IA<\/span><span class=\"xm-text f-light \" data-key=\"spec_95\" data-type=\"text\" data-id=\"42e6a221ff\">HDR<\/span><span class=\"xm-text f-light \" data-key=\"spec_96\" data-type=\"text\" data-id=\"0e9411270b\">Temporizador de selfie<\/span><span class=\"xm-text f-light \" data-key=\"spec_97\" data-type=\"text\" data-id=\"c8845e6fcb\">Luz suave da tela<\/span><span class=\"xm-text f-light \" data-key=\"spec_98\" data-type=\"text\" data-id=\"d79ce920a4\">Obturador por gesto<\/span><span class=\"xm-text f-light \" data-key=\"spec_99\" data-type=\"text\" data-id=\"18ee65977a\">Pocket mirror<\/span><span class=\"xm-text f-bold \" data-key=\"spec_100\" data-type=\"text\" data-id=\"a268052a86\">Recursos de v\u00eddeo da c\u00e2mera frontal<\/span><span class=\"xm-text f-light \" data-key=\"spec_101\" data-type=\"text\" data-id=\"0543fd2133\">Estabiliza\u00e7\u00e3o de v\u00eddeo EIS<\/span><span class=\"xm-text f-light \" data-key=\"spec_102\" data-type=\"text\" data-id=\"8a4b1d8a8c\">Teleprompter de v\u00eddeo<\/span><span class=\"xm-text f-light \" data-key=\"spec_103\" data-type=\"text\" data-id=\"1d049917f0\">Modo vlog<\/span><span class=\"xm-text f-light \" data-key=\"spec_104\" data-type=\"text\" data-id=\"ab97c56643\">V\u00eddeo ultra grande-angular<\/span><span class=\"xm-text f-light \" data-key=\"spec_105\" data-type=\"text\" data-id=\"5aa6db2a78\">V\u00eddeo em modo retrato.<\/span><\/p>\n<p>Bateria e carregamento<\/p>\n<div class=\" lazy\" data-type=\"bg\" data-id=\"54c59d0895\" data-background-image=\"\" data-loaded=\"true\">\n<div class=\" lazy\" data-type=\"bg\" data-id=\"c30deb986d\" data-background-image=\"\" data-loaded=\"true\"><span class=\"xm-text f-light \" data-key=\"spec_112\" data-type=\"text\" data-id=\"8ecd1f9e3e\">Bateria de 4.500\u00a0mAh<\/span><span class=\"xm-text f-light \" data-key=\"spec_113\" data-type=\"text\" data-id=\"1744ab2e78\">Carregamento turbo de 67\u00a0W<\/span><span class=\"xm-text f-light \" data-key=\"spec_114\" data-type=\"text\" data-id=\"34f9c11f37\">Carregador de 67\u00a0W inclu\u00eddo na embalagem<\/span><span class=\"xm-text f-light \" data-key=\"spec_115\" data-type=\"text\" data-id=\"4f35d33b19\">USB Tipo-C<\/span><span class=\"xm-text f-light \" data-key=\"spec_116\" data-type=\"text\" data-id=\"26f70d0a7c\">Xiaomi AdaptiveCharge<\/span><\/div>\n<\/div>\n<div class=\" lazy\" data-type=\"bg\" data-id=\"c81aecc760\" data-background-image=\"\" data-loaded=\"true\">Seguran\u00e7a e autentica\u00e7\u00e3o<\/div>\n<div data-type=\"bg\" data-id=\"c81aecc760\" data-background-image=\"\" data-loaded=\"true\"><span class=\"xm-text f-light \" data-key=\"spec_118\" data-type=\"text\" data-id=\"adc3113007\">Sensor de impress\u00e3o digital na tela<\/span><span class=\"xm-text f-light \" data-key=\"spec_119\" data-type=\"text\" data-id=\"9f5e8c89f0\">Desbloqueio por reconhecimento facial com IA.<\/span><\/div>\n<div data-type=\"bg\" data-id=\"c81aecc760\" data-background-image=\"\" data-loaded=\"true\">Rede e conectividade<\/div>\n<div data-type=\"bg\" data-id=\"c81aecc760\" data-background-image=\"\" data-loaded=\"true\"><span class=\"xm-text f-bold \" data-key=\"spec_121\" data-type=\"text\" data-id=\"438ea4c89a\">Dual SIM, dual standby<\/span><span class=\"xm-text f-light \" data-key=\"spec_151\" data-type=\"text\" data-id=\"9072afa38f\">*Use of eSIM requires a wireless service plan. This service plan may be subject to certain restrictions of use on switching service providers and roaming (even after contract expiration). eSIM availability may vary depending on country\/region and carrier. For more details, please contact your carrier for more information. https:\/\/www.mi.com\/global\/support\/esim<\/span><span class=\"xm-text f-light \" data-key=\"spec_122\" data-type=\"text\" data-id=\"22d00a29c0\">5G NR: n1, n3, n5, n7, n8, n20, n28, n38, n40, n41, n66, n77, n78<\/span><span class=\"xm-text f-light \" data-key=\"spec_123\" data-type=\"text\" data-id=\"75aecb7894\">LTE FDD: 1\/2\/3\/4\/5\/7\/8\/12\/13\/17\/18\/19\/20\/26\/28\/32\/66<\/span><span class=\"xm-text f-light \" data-key=\"spec_124\" data-type=\"text\" data-id=\"6cccb901a7\">LTE TDD: 38\/40\/41\/42<\/span><span class=\"xm-text f-light \" data-key=\"spec_125\" data-type=\"text\" data-id=\"42e82dd069\">WCDMA: 1\/2\/4\/5\/6\/8\/19<\/span><span class=\"xm-text f-light \" data-key=\"spec_126\" data-type=\"text\" data-id=\"0bdd0b1b20\">GSM:2\/3\/5\/8<\/span><span class=\"xm-text f-light \" data-key=\"spec_127\" data-type=\"text\" data-id=\"b0476593ac\">Protocolos suportados: Wi-Fi 6, Wi-Fi 5, Wi-Fi 4 (802.11a\/b\/g\/n\/ac\/ax)<\/span><span class=\"xm-text f-light \" data-key=\"spec_128\" data-type=\"text\" data-id=\"d4e5dfd3b9\">Suporte a Wi-Fi de 2,4 GHz\/5 GHz<\/span><span class=\"xm-text f-light \" data-key=\"spec_129\" data-type=\"text\" data-id=\"96d3068757\">Bluetooth 5.2<\/span><\/div>\n<div data-type=\"bg\" data-id=\"c81aecc760\" data-background-image=\"\" data-loaded=\"true\"><\/div>\n<div data-type=\"bg\" data-id=\"c81aecc760\" data-background-image=\"\" data-loaded=\"true\">Pacote na embalagem<\/div>\n<div data-type=\"bg\" data-id=\"c81aecc760\" data-background-image=\"\" data-loaded=\"true\">Telefone m\u00f3vel | Adaptador | Cabo USB Tipo C | Ferramenta de eje\u00e7\u00e3o de SIM | Capa de prote\u00e7\u00e3o | Guia de in\u00edcio r\u00e1pido | Cart\u00e3o de garantia | Informa\u00e7\u00f5es de seguran\u00e7a<\/div>\n","protected":false},"excerpt":{"rendered":"<p><span class=\"xm-text split_text1937 f-medium\" data-key=\"slogan_1\" data-type=\"text\" data-id=\"con9g7iz1y\">Por tr\u00e1s da obra-prima<\/span><span class=\"xm-text split_text1932 f-light\" data-key=\"ksp_1\" data-type=\"text\" data-id=\"bldicjcw0h\">Sistema de c\u00e2meras top de linha para fotos perfeitas<\/span><span class=\"xm-text split_text1933 f-light\" data-key=\"ksp_2\" data-type=\"text\" data-id=\"4djv10nt9j\">C\u00e2mera frontal dupla com Dynamic Framing <\/span><span class=\"xm-text split_text1934 f-light\" data-key=\"ksp_3\" data-type=\"text\" data-id=\"07slrioo7k\">Design lev\u00edssimo e fino para maior conforto na m\u00e3o <\/span><span class=\"xm-text split_text1935 f-light\" data-key=\"ksp_4\" data-type=\"text\" data-id=\"c1epa97lee\">Tela com AdaptiveSync AMOLED de 120\u00a0Hz <\/span><span class=\"xm-text split_text1936 f-light\" data-key=\"ksp_5\" data-type=\"text\" data-id=\"42e19j44gl\">Avan\u00e7ado Snapdragon\u00ae 7 Gen 1 de 4 nm.<\/span><\/p>\n<div class=\"div28\"><span class=\"xm-text split_text1954 f-medium\" data-key=\"overview_3\" data-type=\"text\" data-id=\"gv31mp2mvp\">Design curvo, leve e ultrafino<\/span><\/div>\n<div class=\"div29\"><span class=\"xm-text split_text1955 f-light\" data-key=\"overview_4\" data-type=\"text\" data-id=\"b0jyo6kv79\">Com um formato curvado e fino que se encaixa perfeitamente na sua m\u00e3o, o Xiaomi 13 Lite oferece um design leve com excelente desempenho.<\/span><\/div>\n","protected":false},"featured_media":600,"comment_status":"open","ping_status":"closed","template":"","meta":{"_joinchat":[]},"product_cat":[23,28],"product_tag":[],"_links":{"self":[{"href":"https:\/\/nandotecno.com\/index.php?rest_route=\/wp\/v2\/product\/321"}],"collection":[{"href":"https:\/\/nandotecno.com\/index.php?rest_route=\/wp\/v2\/product"}],"about":[{"href":"https:\/\/nandotecno.com\/index.php?rest_route=\/wp\/v2\/types\/product"}],"replies":[{"embeddable":true,"href":"https:\/\/nandotecno.com\/index.php?rest_route=%2Fwp%2Fv2%2Fcomments&post=321"}],"wp:featuredmedia":[{"embeddable":true,"href":"https:\/\/nandotecno.com\/index.php?rest_route=\/wp\/v2\/media\/600"}],"wp:attachment":[{"href":"https:\/\/nandotecno.com\/index.php?rest_route=%2Fwp%2Fv2%2Fmedia&parent=321"}],"wp:term":[{"taxonomy":"product_cat","embeddable":true,"href":"https:\/\/nandotecno.com\/index.php?rest_route=%2Fwp%2Fv2%2Fproduct_cat&post=321"},{"taxonomy":"product_tag","embeddable":true,"href":"https:\/\/nandotecno.com\/index.php?rest_route=%2Fwp%2Fv2%2Fproduct_tag&post=321"}],"curies":[{"name":"wp","href":"https:\/\/api.w.org\/{rel}","templated":true}]}}